{"id":4532,"date":"2021-11-08T19:31:47","date_gmt":"2021-11-08T18:31:47","guid":{"rendered":"https:\/\/www.realtime-it.de\/index.php\/modellkorrektur\/"},"modified":"2021-11-08T19:31:48","modified_gmt":"2021-11-08T18:31:48","slug":"modellkorrektur","status":"publish","type":"page","link":"https:\/\/www.realtime-it.de\/index.php\/modellkorrektur\/","title":{"rendered":"Modellkorrektur"},"content":{"rendered":"<div id=\"pl-gb4532-69f5b97d786af\"  class=\"panel-layout\" ><div id=\"pg-gb4532-69f5b97d786af-0\"  class=\"panel-grid panel-no-style\" ><div id=\"pgc-gb4532-69f5b97d786af-0-0\"  class=\"panel-grid-cell\" ><div id=\"panel-gb4532-69f5b97d786af-0-0-0\" class=\"so-panel widget widget_sow-editor panel-first-child panel-last-child\" data-index=\"0\" ><div\n\t\t\t\n\t\t\tclass=\"so-widget-sow-editor so-widget-sow-editor-base\"\n\t\t\t\n\t\t>\n<div class=\"siteorigin-widget-tinymce textwidget\">\n\t<h3 class=\"mb-30\" style=\"text-align: left;\">Keine g\u00fcltige Konfiguration gefunden?!<br \/>\nWir helfen Ihnen, einen zu finden!<\/h3>\n<p><a href=\"https:\/\/www.realtime-it.de\/wp-content\/uploads\/2019\/05\/localization.png\"><img decoding=\"async\" loading=\"lazy\" class=\"aligncenter wp-image-228 size-full\" src=\"https:\/\/www.realtime-it.de\/wp-content\/uploads\/2019\/05\/localization.png\" alt=\"\" width=\"1704\" height=\"970\" srcset=\"https:\/\/www.realtime-it.de\/wp-content\/uploads\/2019\/05\/localization.png 1704w, https:\/\/www.realtime-it.de\/wp-content\/uploads\/2019\/05\/localization-300x171.png 300w, https:\/\/www.realtime-it.de\/wp-content\/uploads\/2019\/05\/localization-768x437.png 768w, https:\/\/www.realtime-it.de\/wp-content\/uploads\/2019\/05\/localization-1024x583.png 1024w\" sizes=\"(max-width: 1704px) 100vw, 1704px\" \/><\/a><\/p>\n<p style=\"text-align: left;\">Entworfene Netzwerkmodelle sind nicht immer fehlerfrei. Die modellierten Str\u00f6me, die geplant werden m\u00fcssen, k\u00f6nnen nicht durchf\u00fchrbar sein. F\u00fcr die Konstrukteure ist es sehr hilfreich, den Ursprung der Unm\u00f6glichkeit der L\u00f6sungsfindung lokalisieren und zur\u00fcckverfolgen zu k\u00f6nnen. Die R\u00fcckverfolgung der Undurchf\u00fchrbarkeit wird noch wichtiger, wenn verschiedene Ingenieure gleichzeitig an verschiedenen Teilen desselben Netzwerkmodells arbeiten. Je schneller der Designfehler lokalisiert wird, desto k\u00fcrzer ist die Anwendungsentwicklungszeit.<\/p>\n<\/div>\n<\/div><\/div><\/div><\/div><div id=\"pg-gb4532-69f5b97d786af-1\"  class=\"panel-grid panel-no-style\" ><div id=\"pgc-gb4532-69f5b97d786af-1-0\"  class=\"panel-grid-cell\" ><div id=\"panel-gb4532-69f5b97d786af-1-0-0\" class=\"so-panel widget widget_sow-editor panel-first-child panel-last-child\" data-index=\"1\" ><div\n\t\t\t\n\t\t\tclass=\"so-widget-sow-editor so-widget-sow-editor-base\"\n\t\t\t\n\t\t>\n<div class=\"siteorigin-widget-tinymce textwidget\">\n\t<h3 class=\"mb-30\" style=\"text-align: center;\">Einschr\u00e4nkungskennzeichnung<\/h3>\n<p><a href=\"https:\/\/www.realtime-it.de\/wp-content\/uploads\/2019\/05\/model-correction.png\"><img decoding=\"async\" loading=\"lazy\" class=\"alignleft wp-image-230 size-mesmerize-full-hd\" src=\"https:\/\/www.realtime-it.de\/wp-content\/uploads\/2019\/05\/model-correction-1920x908.png\" alt=\"\" width=\"1920\" height=\"908\" srcset=\"https:\/\/www.realtime-it.de\/wp-content\/uploads\/2019\/05\/model-correction-1920x908.png 1920w, https:\/\/www.realtime-it.de\/wp-content\/uploads\/2019\/05\/model-correction-300x142.png 300w, https:\/\/www.realtime-it.de\/wp-content\/uploads\/2019\/05\/model-correction-768x363.png 768w, https:\/\/www.realtime-it.de\/wp-content\/uploads\/2019\/05\/model-correction-1024x484.png 1024w\" sizes=\"(max-width: 1920px) 100vw, 1920px\" \/><\/a><\/p>\n<\/div>\n<\/div><\/div><\/div><div id=\"pgc-gb4532-69f5b97d786af-1-1\"  class=\"panel-grid-cell\" ><div id=\"panel-gb4532-69f5b97d786af-1-1-0\" class=\"so-panel widget widget_sow-editor panel-first-child panel-last-child\" data-index=\"2\" ><div\n\t\t\t\n\t\t\tclass=\"so-widget-sow-editor so-widget-sow-editor-base\"\n\t\t\t\n\t\t>\n<div class=\"siteorigin-widget-tinymce textwidget\">\n\tDie Lokalisierung des Problems kann durch die Analyse der Labels erreicht werden, die auf Hardware- und Anwendungssegmente im Netzwerk zeigen. Zur R\u00fcckverfolgung von Designfehlern haben wir eine Constraint-Labeling-L\u00f6sung entwickelt. Beim Erstellen der Planungsbeschr\u00e4nkungen im System werden sie mit zus\u00e4tzlichen und hilfreichen Informationen aus dem Modell beschriftet, die Topologie, Anwendungen, die Bedeutung der Beschr\u00e4nkungen usw. umfassen.<\/div>\n<\/div><\/div><\/div><\/div><\/div>","protected":false},"excerpt":{"rendered":"<p>Keine g\u00fcltige Konfiguration gefunden?! Wir helfen Ihnen, einen zu finden! Entworfene Netzwerkmodelle sind nicht immer fehlerfrei. Die modellierten Str\u00f6me, die geplant werden m\u00fcssen, k\u00f6nnen nicht durchf\u00fchrbar sein. F\u00fcr die Konstrukteure ist es sehr hilfreich, den Ursprung der Unm\u00f6glichkeit der L\u00f6sungsfindung lokalisieren und zur\u00fcckverfolgen zu k\u00f6nnen. Die R\u00fcckverfolgung der Undurchf\u00fchrbarkeit wird noch wichtiger, wenn verschiedene Ingenieure&hellip; <br \/> <a class=\"read-more\" href=\"https:\/\/www.realtime-it.de\/index.php\/modellkorrektur\/\">Weiterlesen<\/a><\/p>\n","protected":false},"author":1,"featured_media":0,"parent":0,"menu_order":0,"comment_status":"closed","ping_status":"closed","template":"","meta":{"inline_featured_image":false},"yoast_head":"<!-- This site is optimized with the Yoast SEO plugin v20.11 - https:\/\/yoast.com\/wordpress\/plugins\/seo\/ -->\n<title>Modellkorrektur - RealtimeIT<\/title>\n<meta name=\"robots\" content=\"index, follow, max-snippet:-1, max-image-preview:large, max-video-preview:-1\" \/>\n<link rel=\"canonical\" href=\"https:\/\/www.realtime-it.de\/index.php\/modellkorrektur\/\" \/>\n<meta property=\"og:locale\" content=\"de_DE\" \/>\n<meta property=\"og:type\" content=\"article\" \/>\n<meta property=\"og:title\" content=\"Modellkorrektur - RealtimeIT\" \/>\n<meta property=\"og:description\" content=\"Keine g\u00fcltige Konfiguration gefunden?! Wir helfen Ihnen, einen zu finden! Entworfene Netzwerkmodelle sind nicht immer fehlerfrei. Die modellierten Str\u00f6me, die geplant werden m\u00fcssen, k\u00f6nnen nicht durchf\u00fchrbar sein. F\u00fcr die Konstrukteure ist es sehr hilfreich, den Ursprung der Unm\u00f6glichkeit der L\u00f6sungsfindung lokalisieren und zur\u00fcckverfolgen zu k\u00f6nnen. Die R\u00fcckverfolgung der Undurchf\u00fchrbarkeit wird noch wichtiger, wenn verschiedene Ingenieure&hellip; Weiterlesen\" \/>\n<meta property=\"og:url\" content=\"https:\/\/www.realtime-it.de\/index.php\/modellkorrektur\/\" \/>\n<meta property=\"og:site_name\" content=\"RealtimeIT\" \/>\n<meta property=\"article:modified_time\" content=\"2021-11-08T18:31:48+00:00\" \/>\n<meta name=\"twitter:card\" content=\"summary_large_image\" \/>\n<script type=\"application\/ld+json\" class=\"yoast-schema-graph\">{\"@context\":\"https:\/\/schema.org\",\"@graph\":[{\"@type\":\"WebPage\",\"@id\":\"https:\/\/www.realtime-it.de\/index.php\/modellkorrektur\/\",\"url\":\"https:\/\/www.realtime-it.de\/index.php\/modellkorrektur\/\",\"name\":\"Modellkorrektur - RealtimeIT\",\"isPartOf\":{\"@id\":\"https:\/\/www.realtime-it.de\/#website\"},\"datePublished\":\"2021-11-08T18:31:47+00:00\",\"dateModified\":\"2021-11-08T18:31:48+00:00\",\"breadcrumb\":{\"@id\":\"https:\/\/www.realtime-it.de\/index.php\/modellkorrektur\/#breadcrumb\"},\"inLanguage\":\"de\",\"potentialAction\":[{\"@type\":\"ReadAction\",\"target\":[\"https:\/\/www.realtime-it.de\/index.php\/modellkorrektur\/\"]}]},{\"@type\":\"BreadcrumbList\",\"@id\":\"https:\/\/www.realtime-it.de\/index.php\/modellkorrektur\/#breadcrumb\",\"itemListElement\":[{\"@type\":\"ListItem\",\"position\":1,\"name\":\"Startseite\",\"item\":\"https:\/\/www.realtime-it.de\/\"},{\"@type\":\"ListItem\",\"position\":2,\"name\":\"Modellkorrektur\"}]},{\"@type\":\"WebSite\",\"@id\":\"https:\/\/www.realtime-it.de\/#website\",\"url\":\"https:\/\/www.realtime-it.de\/\",\"name\":\"RealtimeIT\",\"description\":\"\",\"publisher\":{\"@id\":\"https:\/\/www.realtime-it.de\/#organization\"},\"potentialAction\":[{\"@type\":\"SearchAction\",\"target\":{\"@type\":\"EntryPoint\",\"urlTemplate\":\"https:\/\/www.realtime-it.de\/?s={search_term_string}\"},\"query-input\":\"required name=search_term_string\"}],\"inLanguage\":\"de\"},{\"@type\":\"Organization\",\"@id\":\"https:\/\/www.realtime-it.de\/#organization\",\"name\":\"RealtimeIT\",\"url\":\"https:\/\/www.realtime-it.de\/\",\"logo\":{\"@type\":\"ImageObject\",\"inLanguage\":\"de\",\"@id\":\"https:\/\/www.realtime-it.de\/#\/schema\/logo\/image\/\",\"url\":\"https:\/\/www.realtime-it.de\/wp-content\/uploads\/2021\/09\/whitegray_svg.svg\",\"contentUrl\":\"https:\/\/www.realtime-it.de\/wp-content\/uploads\/2021\/09\/whitegray_svg.svg\",\"width\":4004,\"height\":1413,\"caption\":\" RealtimeIT\"},\"image\":{\"@id\":\"https:\/\/www.realtime-it.de\/#\/schema\/logo\/image\/\"},\"sameAs\":[\"https:\/\/www.youtube.com\/@realtimeit2750\"]}]}<\/script>\n<!-- \/ Yoast SEO plugin. -->","yoast_head_json":{"title":"Modellkorrektur - RealtimeIT","robots":{"index":"index","follow":"follow","max-snippet":"max-snippet:-1","max-image-preview":"max-image-preview:large","max-video-preview":"max-video-preview:-1"},"canonical":"https:\/\/www.realtime-it.de\/index.php\/modellkorrektur\/","og_locale":"de_DE","og_type":"article","og_title":"Modellkorrektur - RealtimeIT","og_description":"Keine g\u00fcltige Konfiguration gefunden?! Wir helfen Ihnen, einen zu finden! Entworfene Netzwerkmodelle sind nicht immer fehlerfrei. Die modellierten Str\u00f6me, die geplant werden m\u00fcssen, k\u00f6nnen nicht durchf\u00fchrbar sein. F\u00fcr die Konstrukteure ist es sehr hilfreich, den Ursprung der Unm\u00f6glichkeit der L\u00f6sungsfindung lokalisieren und zur\u00fcckverfolgen zu k\u00f6nnen. Die R\u00fcckverfolgung der Undurchf\u00fchrbarkeit wird noch wichtiger, wenn verschiedene Ingenieure&hellip; Weiterlesen","og_url":"https:\/\/www.realtime-it.de\/index.php\/modellkorrektur\/","og_site_name":"RealtimeIT","article_modified_time":"2021-11-08T18:31:48+00:00","twitter_card":"summary_large_image","schema":{"@context":"https:\/\/schema.org","@graph":[{"@type":"WebPage","@id":"https:\/\/www.realtime-it.de\/index.php\/modellkorrektur\/","url":"https:\/\/www.realtime-it.de\/index.php\/modellkorrektur\/","name":"Modellkorrektur - RealtimeIT","isPartOf":{"@id":"https:\/\/www.realtime-it.de\/#website"},"datePublished":"2021-11-08T18:31:47+00:00","dateModified":"2021-11-08T18:31:48+00:00","breadcrumb":{"@id":"https:\/\/www.realtime-it.de\/index.php\/modellkorrektur\/#breadcrumb"},"inLanguage":"de","potentialAction":[{"@type":"ReadAction","target":["https:\/\/www.realtime-it.de\/index.php\/modellkorrektur\/"]}]},{"@type":"BreadcrumbList","@id":"https:\/\/www.realtime-it.de\/index.php\/modellkorrektur\/#breadcrumb","itemListElement":[{"@type":"ListItem","position":1,"name":"Startseite","item":"https:\/\/www.realtime-it.de\/"},{"@type":"ListItem","position":2,"name":"Modellkorrektur"}]},{"@type":"WebSite","@id":"https:\/\/www.realtime-it.de\/#website","url":"https:\/\/www.realtime-it.de\/","name":"RealtimeIT","description":"","publisher":{"@id":"https:\/\/www.realtime-it.de\/#organization"},"potentialAction":[{"@type":"SearchAction","target":{"@type":"EntryPoint","urlTemplate":"https:\/\/www.realtime-it.de\/?s={search_term_string}"},"query-input":"required name=search_term_string"}],"inLanguage":"de"},{"@type":"Organization","@id":"https:\/\/www.realtime-it.de\/#organization","name":"RealtimeIT","url":"https:\/\/www.realtime-it.de\/","logo":{"@type":"ImageObject","inLanguage":"de","@id":"https:\/\/www.realtime-it.de\/#\/schema\/logo\/image\/","url":"https:\/\/www.realtime-it.de\/wp-content\/uploads\/2021\/09\/whitegray_svg.svg","contentUrl":"https:\/\/www.realtime-it.de\/wp-content\/uploads\/2021\/09\/whitegray_svg.svg","width":4004,"height":1413,"caption":" RealtimeIT"},"image":{"@id":"https:\/\/www.realtime-it.de\/#\/schema\/logo\/image\/"},"sameAs":["https:\/\/www.youtube.com\/@realtimeit2750"]}]}},"_links":{"self":[{"href":"https:\/\/www.realtime-it.de\/index.php\/wp-json\/wp\/v2\/pages\/4532"}],"collection":[{"href":"https:\/\/www.realtime-it.de\/index.php\/wp-json\/wp\/v2\/pages"}],"about":[{"href":"https:\/\/www.realtime-it.de\/index.php\/wp-json\/wp\/v2\/types\/page"}],"author":[{"embeddable":true,"href":"https:\/\/www.realtime-it.de\/index.php\/wp-json\/wp\/v2\/users\/1"}],"replies":[{"embeddable":true,"href":"https:\/\/www.realtime-it.de\/index.php\/wp-json\/wp\/v2\/comments?post=4532"}],"version-history":[{"count":1,"href":"https:\/\/www.realtime-it.de\/index.php\/wp-json\/wp\/v2\/pages\/4532\/revisions"}],"predecessor-version":[{"id":4533,"href":"https:\/\/www.realtime-it.de\/index.php\/wp-json\/wp\/v2\/pages\/4532\/revisions\/4533"}],"wp:attachment":[{"href":"https:\/\/www.realtime-it.de\/index.php\/wp-json\/wp\/v2\/media?parent=4532"}],"curies":[{"name":"wp","href":"https:\/\/api.w.org\/{rel}","templated":true}]}}