{"id":5615,"date":"2022-12-03T12:43:19","date_gmt":"2022-12-03T11:43:19","guid":{"rendered":"https:\/\/www.realtime-it.de\/?page_id=5615"},"modified":"2025-10-09T14:38:15","modified_gmt":"2025-10-09T12:38:15","slug":"schulung","status":"publish","type":"page","link":"https:\/\/www.realtime-it.de\/index.php\/schulung\/","title":{"rendered":"Schulungen"},"content":{"rendered":"<div  data-label=\"quiz\" data-id=\"cta--1\" data-export-id=\"cta-centered-bg-section\" data-category=\"cta\" data-section-ov=\"1\" class=\"cta-centered-bg-section content-section content-section-spacing-medium white-text\" data-parallax-depth=\"20\" id=\"quiz\" style=\"background-color: rgb(140, 35, 159); background-image: none;\"><div  class=\"gridContainer\"> <div  class=\"row text-center\"><div  data-type=\"column\" class=\"\"> <h2  class=\"\">M\u00f6chten Sie Ihre TSN-Kenntnisse testen?<\/h2> <p  class=\"\">Nehmen Sie sich 15 Minuten Zeit f\u00fcr ein interaktives Lernmodul \u00fcber TSN auf <span  style=\"font-weight: 600;\"><a data-mce-href=\"https:\/\/guru-x.de\/\" href=\"https:\/\/guru-x.de\" target=\"_blank\" data-mce-selected=\"inline-boundary\" data-cp-link=\"1\" rel=\"noopener\" class=\"\">GURU-X\ufeff<\/a><\/span>.<\/p><a class=\"button big color2 round\" href=\"https:\/\/guru-x.de\/data\/module?name=Time-Sensitive%20Networking%20(TSN)\" target=\"_blank\" data-cp-link=\"1\" data-icon=\"\" rel=\"noopener\">Zum Lernmodul: Time-Sensitive Networking<\/a><\/div> <\/div><\/div> <\/div><div  data-label=\"Schulungen\" data-id=\"content--9\" data-export-id=\"content-12\" data-category=\"content\" class=\"content-12 content-section content-section-spacing\" id=\"schulungen\" style=\"background-color: rgb(255, 255, 255); background-image: none;\"><div  class=\"gridContainer\"> <div  class=\"row text-center\"><div  class=\"section-title-col\" data-type=\"column\"> <h2  class=\"\">TSN-Schulungen<\/h2> <p  class=\"lead\"><span  style=\"font-weight: 400;\">In unseren Schulungen lernen Sie die Grundlagen von TSN kennen und vertiefen Sie das erworbene Wissen mit praktischen Aufgaben auf Switches und End-Stationen. Nach Abschluss der Schulungen werden Sie bestens in der Lage sein, die Vorteile einer TSN-basierten Netzwerkarchitektur in Ihren Projekten f\u00fcr gemischt-kritische Echtzeitanwendungen einzusch\u00e4tzen und zu planen.<\/span><\/p><\/div> <\/div> <div  class=\"row center-xs middle-xs\"> <div  class=\"col-sm-9\" data-type=\"column\"> <\/div> <\/div><\/div> <\/div><div  data-label=\"Grundlagen\" data-id=\"content--12\" data-export-id=\"content-17\" data-category=\"content\" class=\"content-17 content-section content-section-spacing content-relative\" id=\"grundlagen-1\" style=\"background-color: rgb(255, 255, 255); background-image: none;\"><div  class=\"section-separator-top\">\n    <svg  xmlns=\"http:\/\/www.w3.org\/2000\/svg\" viewBox=\"0 0 1000 100\" preserveAspectRatio=\"none\" data-separator-name=\"triangle\" class=\"section-separator-top\">\n\t<path  class=\"svg-white-bg\" d=\"M500,98.9L0,6.1V0h1000v6.1L500,98.9z\"><\/path>\n<\/svg>\n<\/div><div  class=\"gridContainer\"><div  data-section-title-area=\"true\" class=\"row text-center\">   <div  class=\"section-title-col\" data-type=\"column\">       <h2  class=\"\">Grundlagen von TSN<\/h2>       <p  class=\"lead\">In dieser Schulung gehen wir auf die TSN-Standards ein, synchronisieren die Uhren und senden zeitgesteuerte Datenstr\u00f6me gem\u00e4\u00df IEEE 802.1Qbv.&nbsp; <br ><br >\n<\/p>   <\/div><\/div> <div  class=\"row middle-sm\"><div  class=\"col-sm-6 space-bottom-xs\" data-type=\"column\">  <p  class=\"\"><span  style=\"color: rgb(0, 0, 0);\">Dauer:<\/span> Ein Tag<br ><span  style=\"color: rgb(0, 0, 0);\">\nSprache:<\/span> Deutsch oder Englisch<br ><span  style=\"color: rgb(0, 0, 0);\">\nVoraussetzung:<\/span>&nbsp;Keine<br >\n\n<br >Inhalt:<br >\n(1) Einf\u00fchrung in Time-Sensitive Networking<br >\n(2) TSN-Switches und End-Stationen<br >\n(3) Uhrensynchonisation<br >\n(4) Zeitgesteuerte Kommunikation<br >\n(5) IEEE 802.1Qbv, Konfiguration der Switches und End-Stationen<br >\n(6) Implementierung einer Echtzeitanwendung<\/p> <\/div> <div  class=\"col-sm-6 flexbox around-xs top-xs space-top-xs space-bottom-xs first-xs last-sm\"><div  class=\"overlay-box flexbox middle-xs center-xs overlay-holder\"> <div  class=\"overlay-box-offset offset-background shadow-medium bg-color2 hide-xs\"><\/div> <img  decoding=\"async\" class=\"flexbox shadow-large img1\" data-size=\"500x500\" src=\"https:\/\/www.realtime-it.de\/wp-content\/uploads\/2022\/07\/cropped-CF92D04A-BC37-4765-BD48-182DED15FAB7-scaled-2.jpeg\" title=\"CF92D04A-BC37-4765-BD48-182DED15FAB7\" alt=\"\"><\/div> <\/div><\/div> <\/div><\/div><div  data-label=\"Fortgeschrittene\" data-id=\"content--13\" data-export-id=\"content-18\" data-category=\"content\" class=\"content-18 content-section content-section-spacing content-relative\" id=\"fortgeschrittene\" style=\"background-color: rgb(255, 255, 255); background-image: none;\"><div  class=\"section-separator-top\">\n    <svg  xmlns=\"http:\/\/www.w3.org\/2000\/svg\" viewBox=\"0 0 1000 100\" preserveAspectRatio=\"none\" data-separator-name=\"triangle\" class=\"section-separator-top\">\n\t<path  class=\"svg-white-bg\" d=\"M500,98.9L0,6.1V0h1000v6.1L500,98.9z\"><\/path>\n<\/svg>\n<\/div><div  class=\"gridContainer\"><div  data-section-title-area=\"true\" class=\"row text-center\">   <div  class=\"section-title-col\" data-type=\"column\">       <h2  class=\"\">TSN f\u00fcr Fortgeschrittene<\/h2>       <p  class=\"lead\">In dieser Schulung schauen wir uns die BOBCAT und LS1028A Switches genauer an, konfigurieren wir sie f\u00fcr eine Echtzeitanwendung, in der End-Stationen mit Intel und NXP Technologie verwendet werden.<br ><br >\n<\/p>   <\/div><\/div> <div  class=\"row middle-sm\"><div  class=\"col-sm-6 flexbox around-xs top-xs space-bottom-xs space-top-xs\"> <div  class=\"overlay-box flexbox middle-xs center-xs overlay-holder\"><div  class=\"overlay-box-offset offset-background shadow-medium bg-color2 hide-xs\"><\/div> <img  decoding=\"async\" class=\"flexbox shadow-large img1\" data-size=\"500x500\" src=\"https:\/\/www.realtime-it.de\/wp-content\/uploads\/2022\/12\/schulung-advanced-1.jpg\" title=\"schulung-advanced\" alt=\"\"><\/div> <\/div> <div  class=\"col-sm-6\" data-type=\"column\">  <p  class=\"\"><span  style=\"color: rgb(0, 0, 0);\">Dauer:<\/span> Ein Tag<br ><span  style=\"color: rgb(255, 255, 255);\"><span  style=\"color: rgb(0, 0, 0);\">\nSprache: <span  style=\"color: rgb(107, 124, 147);\">Deutsch oder Englisch<\/span><\/span><\/span><br ><span  style=\"color: rgb(0, 0, 0);\">\nVoraussetzung:<\/span> TSN-Grundlagen<br >\n\n<br ><span  style=\"color: rgb(0, 0, 0);\">Inhalt:<\/span><br >\n(1) Uhrensynchonisation<br >\n(2) Zeitgesteuerte Kommunikation<br >\n(3) IEEE 802.1Qbv, Switch (BOBCAT Belden) Konfiguration<br >\n(4) IEEE 802.1Qbv, Switch (LS1028A NXP) Konfiguration<br >\n(5) IEEE 802.1Qbv, End-Station (Intel) Konfiguration<br >\n(6) IEEE 802.1Qbv, End-Station (NXP) Konfiguration<br >\n(7) Implementierung einer Echtzeitanwendung<\/p> <\/div> <\/div><\/div> <\/div><div  data-label=\"AutoTSN\" data-id=\"content--14\" data-export-id=\"content-17\" data-category=\"content\" class=\"content-17 content-section content-section-spacing content-relative\" id=\"autotsn\" style=\"background-color: rgb(255, 255, 255); background-image: none;\"><div  class=\"section-separator-top\">\n    <svg  xmlns=\"http:\/\/www.w3.org\/2000\/svg\" viewBox=\"0 0 1000 100\" preserveAspectRatio=\"none\" data-separator-name=\"triangle\" class=\"section-separator-top\">\n\t<path  class=\"svg-white-bg\" d=\"M500,98.9L0,6.1V0h1000v6.1L500,98.9z\"><\/path>\n<\/svg>\n<\/div><div  class=\"gridContainer\"><div  data-section-title-area=\"true\" class=\"row text-center\">   <div  class=\"section-title-col\" data-type=\"column\">       <h2  class=\"\">Netzwerkdesign und Konfiguration<\/h2>       <p  class=\"lead\">In dieser Schulung setzen wir das AutoTSN Framework ein, um ein Beispielnetzwerk graphisch zu modellieren und die Echtzeitanforderungen der Anwendungen zu spezifizieren. AutoTSN berechnet darauf basierend einen validen Zeitplan f\u00fcr die Anwendungen.<br ><br >\n<\/p>   <\/div><\/div> <div  class=\"row middle-sm\"><div  class=\"col-sm-6 space-bottom-xs\" data-type=\"column\">  <p  class=\"\"><span  style=\"color: rgb(0, 0, 0);\">Dauer:<\/span> Ein Tag<br ><span  style=\"color: rgb(0, 0, 0);\">\nSprache:<\/span> Deutsch oder Englisch<br ><span  style=\"color: rgb(0, 0, 0);\">\nVoraussetzung:<\/span> TSN-Grundlagen\n<br ><br >\nInhalt:<br >\n(1) Design und Konfiguration von zeitgesteuerten Netzwerken<br >\n(2) Berechnung von IEEE 802.1Qbv Schedules<br >\n(3) Werkzeuge f\u00fcr Konfiguration, Simulation, Verifikation, und Testen<br >\n(4) Einf\u00fchrung in das Konfigurationswerkzeug AutoTSN<br >\n(5) \u00dcbung: Netzwerk-Modellierung<br >\n(6) \u00dcbung: Anforderungsspezifizierung<br >\n(7) \u00dcbung: Konfigurationsberechnung<\/p> <\/div> <div  class=\"col-sm-6 flexbox around-xs top-xs space-top-xs space-bottom-xs first-xs last-sm\"><div  class=\"overlay-box flexbox middle-xs center-xs overlay-holder\"> <div  class=\"overlay-box-offset offset-background shadow-medium bg-color2 hide-xs\"><\/div> <img  decoding=\"async\" class=\"flexbox shadow-large img1\" data-size=\"500x500\" src=\"https:\/\/www.realtime-it.de\/wp-content\/uploads\/2019\/10\/cropped-cropped-cropped-cropped-cropped-overview-e1571594921791-6-1.png\" title=\"cropped-cropped-cropped-cropped-cropped-overview-e1571594921791-6-1.png\" alt=\"\"><\/div> <\/div><\/div> <\/div><\/div><div  data-label=\"TSN2Go\" data-id=\"content--15\" data-export-id=\"content-12\" data-category=\"content\" class=\"content-12 content-section content-section-spacing content-relative\" id=\"tsn2go\" style=\"background-color: rgb(255, 255, 255);\"><div  class=\"section-separator-top\">\n    <svg  xmlns=\"http:\/\/www.w3.org\/2000\/svg\" viewBox=\"0 0 1000 100\" preserveAspectRatio=\"none\" data-separator-name=\"triangle\" class=\"section-separator-top\">\n\t<path  class=\"svg-white-bg\" d=\"M500,98.9L0,6.1V0h1000v6.1L500,98.9z\"><\/path>\n<\/svg>\n<\/div><div  class=\"gridContainer\"> <div  class=\"row text-center\"><div  class=\"section-title-col\" data-type=\"column\"> <h2  class=\"\">TSN2Go Schulungskoffer<\/h2> <p  class=\"lead\">Das folgende Video zeigt den modularen TSN2Go Schulunskoffer, der in unserer TSN-Trainings eingesetzt wird. Ausgangssituation: Eine zeitkritische Stroboskop-Anwendung teilt sich das Netzwerk mit einer Video-Streaming-Anwendung (gemischt-kritisch). Herausforderung: TSN-Funktionen m\u00fcssen aktiviert werden. Die Switches und End-Stationen m\u00fcssen korrekt konfiguriert sein, damit der Jitter der Stroboskopanwendung unter 30 Mikrosekunden bleibt. Jitter h\u00f6her als 30 Mikrosekunden kann visuell wahrgenommen werden.<\/p><\/div> <\/div> <div  class=\"row center-xs middle-xs\"> <div  class=\"col-sm-9\" data-type=\"column\"> <\/div> <\/div><\/div> <\/div><div  data-label=\"Video\" data-id=\"content--8\" data-export-id=\"content-12\" data-category=\"content\" class=\"content-12 content-section content-section-spacing content-relative\" id=\"video-1\" style=\"background-color: rgb(255, 255, 255); background-image: none;\"><div  class=\"gridContainer\"> <div  class=\"row text-center\"><div  class=\"section-title-col\" data-type=\"column\"><div  data-editable=\"true\" data-name=\"ope-widgets-area\" data-content-shortcode=\"mesmerize_display_widgets_area id=&quot;mesmerize_users_custom_widgets_areas_0&quot; \" class=\"\"><div data-name=\"mesmerize-widgets-area\"><div id=\"block-41\" class=\"widget widget_block\">\n<div class=\"wp-block-columns is-layout-flex wp-container-2\">\n<div class=\"wp-block-column is-layout-flow\" style=\"flex-basis:100%\">\n<figure class=\"wp-block-video\"><video controls=\"\" poster=\"https:\/\/www.realtime-it.de\/wp-content\/uploads\/2022\/07\/cropped-CF92D04A-BC37-4765-BD48-182DED15FAB7-scaled-1.jpeg\" src=\"https:\/\/www.realtime-it.de\/wp-content\/uploads\/2022\/07\/tsn2go-mp4-60.mp4\" playsinline=\"\"><\/video><\/figure>\n<\/div>\n<\/div>\n<\/div><\/div><\/div>  <a class=\"button color1\" href=\"https:\/\/www.realtime-it.de\/#kontakt\" target=\"_self\" data-cp-link=\"1\" data-icon=\"\" rel=\"noopener\">Kontaktieren Sie uns<\/a><\/div> <\/div> <div  class=\"row center-xs middle-xs\"> <div  class=\"col-sm-9\" data-type=\"column\"> <\/div> <\/div><\/div> <\/div>","protected":false},"excerpt":{"rendered":"<p>M\u00f6chten Sie Ihre TSN-Kenntnisse testen? Nehmen Sie sich 15 Minuten Zeit f\u00fcr ein interaktives Lernmodul \u00fcber TSN auf GURU-X\ufeff.Zum Lernmodul: Time-Sensitive Networking TSN-Schulungen In unseren Schulungen lernen Sie die Grundlagen von TSN kennen und vertiefen Sie das erworbene Wissen mit praktischen Aufgaben auf Switches und End-Stationen. Nach Abschluss der Schulungen werden Sie bestens in der&hellip; <br \/> <a class=\"read-more\" href=\"https:\/\/www.realtime-it.de\/index.php\/schulung\/\">Weiterlesen<\/a><\/p>\n","protected":false},"author":1,"featured_media":0,"parent":0,"menu_order":0,"comment_status":"closed","ping_status":"closed","template":"pro\/page-templates\/full-width-page.php","meta":{"inline_featured_image":false},"yoast_head":"<!-- This site is optimized with the Yoast SEO plugin v20.11 - https:\/\/yoast.com\/wordpress\/plugins\/seo\/ -->\n<title>Schulungen - RealtimeIT<\/title>\n<meta name=\"robots\" content=\"index, follow, max-snippet:-1, max-image-preview:large, max-video-preview:-1\" \/>\n<link rel=\"canonical\" href=\"https:\/\/www.realtime-it.de\/index.php\/schulung\/\" \/>\n<meta property=\"og:locale\" content=\"de_DE\" \/>\n<meta property=\"og:type\" content=\"article\" \/>\n<meta property=\"og:title\" content=\"Schulungen - RealtimeIT\" \/>\n<meta property=\"og:description\" content=\"M\u00f6chten Sie Ihre TSN-Kenntnisse testen? Nehmen Sie sich 15 Minuten Zeit f\u00fcr ein interaktives Lernmodul \u00fcber TSN auf GURU-X\ufeff.Zum Lernmodul: Time-Sensitive Networking TSN-Schulungen In unseren Schulungen lernen Sie die Grundlagen von TSN kennen und vertiefen Sie das erworbene Wissen mit praktischen Aufgaben auf Switches und End-Stationen. Nach Abschluss der Schulungen werden Sie bestens in der&hellip; Weiterlesen\" \/>\n<meta property=\"og:url\" content=\"https:\/\/www.realtime-it.de\/index.php\/schulung\/\" \/>\n<meta property=\"og:site_name\" content=\"RealtimeIT\" \/>\n<meta property=\"article:modified_time\" content=\"2025-10-09T12:38:15+00:00\" \/>\n<meta property=\"og:image\" content=\"https:\/\/www.realtime-it.de\/wp-content\/uploads\/2022\/07\/cropped-CF92D04A-BC37-4765-BD48-182DED15FAB7-scaled-2.jpeg\" \/>\n<meta name=\"twitter:card\" content=\"summary_large_image\" \/>\n<meta name=\"twitter:label1\" content=\"Gesch\u00e4tzte Lesezeit\" \/>\n\t<meta name=\"twitter:data1\" content=\"2\u00a0Minuten\" \/>\n<script type=\"application\/ld+json\" class=\"yoast-schema-graph\">{\"@context\":\"https:\/\/schema.org\",\"@graph\":[{\"@type\":\"WebPage\",\"@id\":\"https:\/\/www.realtime-it.de\/index.php\/schulung\/\",\"url\":\"https:\/\/www.realtime-it.de\/index.php\/schulung\/\",\"name\":\"Schulungen - RealtimeIT\",\"isPartOf\":{\"@id\":\"https:\/\/www.realtime-it.de\/#website\"},\"datePublished\":\"2022-12-03T11:43:19+00:00\",\"dateModified\":\"2025-10-09T12:38:15+00:00\",\"breadcrumb\":{\"@id\":\"https:\/\/www.realtime-it.de\/index.php\/schulung\/#breadcrumb\"},\"inLanguage\":\"de\",\"potentialAction\":[{\"@type\":\"ReadAction\",\"target\":[\"https:\/\/www.realtime-it.de\/index.php\/schulung\/\"]}]},{\"@type\":\"BreadcrumbList\",\"@id\":\"https:\/\/www.realtime-it.de\/index.php\/schulung\/#breadcrumb\",\"itemListElement\":[{\"@type\":\"ListItem\",\"position\":1,\"name\":\"Startseite\",\"item\":\"https:\/\/www.realtime-it.de\/\"},{\"@type\":\"ListItem\",\"position\":2,\"name\":\"Schulungen\"}]},{\"@type\":\"WebSite\",\"@id\":\"https:\/\/www.realtime-it.de\/#website\",\"url\":\"https:\/\/www.realtime-it.de\/\",\"name\":\"RealtimeIT\",\"description\":\"\",\"publisher\":{\"@id\":\"https:\/\/www.realtime-it.de\/#organization\"},\"potentialAction\":[{\"@type\":\"SearchAction\",\"target\":{\"@type\":\"EntryPoint\",\"urlTemplate\":\"https:\/\/www.realtime-it.de\/?s={search_term_string}\"},\"query-input\":\"required name=search_term_string\"}],\"inLanguage\":\"de\"},{\"@type\":\"Organization\",\"@id\":\"https:\/\/www.realtime-it.de\/#organization\",\"name\":\"RealtimeIT\",\"url\":\"https:\/\/www.realtime-it.de\/\",\"logo\":{\"@type\":\"ImageObject\",\"inLanguage\":\"de\",\"@id\":\"https:\/\/www.realtime-it.de\/#\/schema\/logo\/image\/\",\"url\":\"https:\/\/www.realtime-it.de\/wp-content\/uploads\/2021\/09\/whitegray_svg.svg\",\"contentUrl\":\"https:\/\/www.realtime-it.de\/wp-content\/uploads\/2021\/09\/whitegray_svg.svg\",\"width\":4004,\"height\":1413,\"caption\":\" RealtimeIT\"},\"image\":{\"@id\":\"https:\/\/www.realtime-it.de\/#\/schema\/logo\/image\/\"},\"sameAs\":[\"https:\/\/www.youtube.com\/@realtimeit2750\"]}]}<\/script>\n<!-- \/ Yoast SEO plugin. -->","yoast_head_json":{"title":"Schulungen - RealtimeIT","robots":{"index":"index","follow":"follow","max-snippet":"max-snippet:-1","max-image-preview":"max-image-preview:large","max-video-preview":"max-video-preview:-1"},"canonical":"https:\/\/www.realtime-it.de\/index.php\/schulung\/","og_locale":"de_DE","og_type":"article","og_title":"Schulungen - RealtimeIT","og_description":"M\u00f6chten Sie Ihre TSN-Kenntnisse testen? Nehmen Sie sich 15 Minuten Zeit f\u00fcr ein interaktives Lernmodul \u00fcber TSN auf GURU-X\ufeff.Zum Lernmodul: Time-Sensitive Networking TSN-Schulungen In unseren Schulungen lernen Sie die Grundlagen von TSN kennen und vertiefen Sie das erworbene Wissen mit praktischen Aufgaben auf Switches und End-Stationen. Nach Abschluss der Schulungen werden Sie bestens in der&hellip; Weiterlesen","og_url":"https:\/\/www.realtime-it.de\/index.php\/schulung\/","og_site_name":"RealtimeIT","article_modified_time":"2025-10-09T12:38:15+00:00","og_image":[{"url":"https:\/\/www.realtime-it.de\/wp-content\/uploads\/2022\/07\/cropped-CF92D04A-BC37-4765-BD48-182DED15FAB7-scaled-2.jpeg"}],"twitter_card":"summary_large_image","twitter_misc":{"Gesch\u00e4tzte Lesezeit":"2\u00a0Minuten"},"schema":{"@context":"https:\/\/schema.org","@graph":[{"@type":"WebPage","@id":"https:\/\/www.realtime-it.de\/index.php\/schulung\/","url":"https:\/\/www.realtime-it.de\/index.php\/schulung\/","name":"Schulungen - RealtimeIT","isPartOf":{"@id":"https:\/\/www.realtime-it.de\/#website"},"datePublished":"2022-12-03T11:43:19+00:00","dateModified":"2025-10-09T12:38:15+00:00","breadcrumb":{"@id":"https:\/\/www.realtime-it.de\/index.php\/schulung\/#breadcrumb"},"inLanguage":"de","potentialAction":[{"@type":"ReadAction","target":["https:\/\/www.realtime-it.de\/index.php\/schulung\/"]}]},{"@type":"BreadcrumbList","@id":"https:\/\/www.realtime-it.de\/index.php\/schulung\/#breadcrumb","itemListElement":[{"@type":"ListItem","position":1,"name":"Startseite","item":"https:\/\/www.realtime-it.de\/"},{"@type":"ListItem","position":2,"name":"Schulungen"}]},{"@type":"WebSite","@id":"https:\/\/www.realtime-it.de\/#website","url":"https:\/\/www.realtime-it.de\/","name":"RealtimeIT","description":"","publisher":{"@id":"https:\/\/www.realtime-it.de\/#organization"},"potentialAction":[{"@type":"SearchAction","target":{"@type":"EntryPoint","urlTemplate":"https:\/\/www.realtime-it.de\/?s={search_term_string}"},"query-input":"required name=search_term_string"}],"inLanguage":"de"},{"@type":"Organization","@id":"https:\/\/www.realtime-it.de\/#organization","name":"RealtimeIT","url":"https:\/\/www.realtime-it.de\/","logo":{"@type":"ImageObject","inLanguage":"de","@id":"https:\/\/www.realtime-it.de\/#\/schema\/logo\/image\/","url":"https:\/\/www.realtime-it.de\/wp-content\/uploads\/2021\/09\/whitegray_svg.svg","contentUrl":"https:\/\/www.realtime-it.de\/wp-content\/uploads\/2021\/09\/whitegray_svg.svg","width":4004,"height":1413,"caption":" RealtimeIT"},"image":{"@id":"https:\/\/www.realtime-it.de\/#\/schema\/logo\/image\/"},"sameAs":["https:\/\/www.youtube.com\/@realtimeit2750"]}]}},"_links":{"self":[{"href":"https:\/\/www.realtime-it.de\/index.php\/wp-json\/wp\/v2\/pages\/5615"}],"collection":[{"href":"https:\/\/www.realtime-it.de\/index.php\/wp-json\/wp\/v2\/pages"}],"about":[{"href":"https:\/\/www.realtime-it.de\/index.php\/wp-json\/wp\/v2\/types\/page"}],"author":[{"embeddable":true,"href":"https:\/\/www.realtime-it.de\/index.php\/wp-json\/wp\/v2\/users\/1"}],"replies":[{"embeddable":true,"href":"https:\/\/www.realtime-it.de\/index.php\/wp-json\/wp\/v2\/comments?post=5615"}],"version-history":[{"count":74,"href":"https:\/\/www.realtime-it.de\/index.php\/wp-json\/wp\/v2\/pages\/5615\/revisions"}],"predecessor-version":[{"id":6245,"href":"https:\/\/www.realtime-it.de\/index.php\/wp-json\/wp\/v2\/pages\/5615\/revisions\/6245"}],"wp:attachment":[{"href":"https:\/\/www.realtime-it.de\/index.php\/wp-json\/wp\/v2\/media?parent=5615"}],"curies":[{"name":"wp","href":"https:\/\/api.w.org\/{rel}","templated":true}]}}